{"id":38,"date":"2024-12-10T07:59:12","date_gmt":"2024-12-10T07:59:12","guid":{"rendered":"https:\/\/lig-mrim-new.imag.fr\/?page_id=38"},"modified":"2026-03-17T10:48:23","modified_gmt":"2026-03-17T09:48:23","slug":"members","status":"publish","type":"page","link":"http:\/\/lig-mrim.imag.fr\/index.php\/members\/","title":{"rendered":"Members"},"content":{"rendered":"\n<h3 class=\"wp-block-heading\">Current members<\/h3>\n\n\n\n<h4 class=\"wp-block-heading\">Academic staff and researchers:<\/h4>\n\n\n\n<ul class=\"wp-block-list\">\n<li><a href=\"https:\/\/lig-membres.imag.fr\/berrut\/\" data-type=\"link\" data-id=\"https:\/\/lig-membres.imag.fr\/berrut\/\" target=\"_blank\" rel=\"noreferrer noopener\">Catherine Berrut<\/a> (Full professor at the Universit\u00e9 Grenoble Alpes)<\/li>\n\n\n\n<li><a href=\"https:\/\/lig-membres.imag.fr\/chevalet\/\" data-type=\"link\" data-id=\"https:\/\/lig-membres.imag.fr\/chevalet\/\" target=\"_blank\" rel=\"noreferrer noopener\">Jean-Pierre Chevallet<\/a> (Associate professor at the Universit\u00e9 Grenoble Alpes)<\/li>\n\n\n\n<li><a href=\"http:\/\/lig-membres.imag.fr\/denos\/\">Nathalie Denos<\/a> (Associate professor at the Universit\u00e9 Grenoble Alpes), in delegation to the french Ministry of Education since 2016<\/li>\n\n\n\n<li><a href=\"https:\/\/lig-membres.imag.fr\/goeuriot\/\" data-type=\"link\" data-id=\"https:\/\/lig-membres.imag.fr\/goeuriot\/\" target=\"_blank\" rel=\"noreferrer noopener\">Lorraine Goeuriot<\/a> (Associate professor at the Universit\u00e9 Grenoble Alpes)<\/li>\n\n\n\n<li>Ahmed Lbath (Full professor at the Universit\u00e9 Grenoble Alpes)<\/li>\n\n\n\n<li><a href=\"http:\/\/lig-membres.imag.fr\/mulhem\/\" target=\"_blank\" rel=\"noreferrer noopener\">Philippe Mulhem<\/a> (CR CNRS)<\/li>\n<\/ul>\n\n\n\n<h4 class=\"wp-block-heading\">Postdoctoral fellow<\/h4>\n\n\n\n<ul class=\"wp-block-list\">\n<li>Yongxin Zhu (december 2024 &#8211; december 2025, on explainable transformer-based information retrieval)<\/li>\n\n\n\n<li>Aidan Mannion (started in 2025)<\/li>\n<\/ul>\n\n\n\n<h4 class=\"wp-block-heading\">Industrial Collaborator<\/h4>\n\n\n\n<ul class=\"wp-block-list\">\n<li>Nicolas Martin (Currently engineer at <a href=\"https:\/\/www.peektoria.com\/\" target=\"_blank\" rel=\"noreferrer noopener\">Peektoria<\/a>)<\/li>\n<\/ul>\n\n\n\n<h4 class=\"wp-block-heading\">PhD. Students<\/h4>\n\n\n\n<h5 class=\"wp-block-heading\">On-going PhDs<\/h5>\n\n\n\n<ul class=\"wp-block-list\">\n<li>Sarah Bouaraba (started in october 2025)<\/li>\n\n\n\n<li>Markarit Vartampetian (started in 2024)<\/li>\n<\/ul>\n\n\n\n<h5 class=\"wp-block-heading\">Recently defended PhDs<\/h5>\n\n\n\n<ul class=\"wp-block-list\">\n<li>Aidan Mannion (2021-2025, currently Post-Doctoral Fellow)<\/li>\n\n\n\n<li>Jibril Frej (February 5th, 2021, currently postdoctoral researcher at the EPFL, Lausane)<\/li>\n\n\n\n<li>Nawal Ould Amer (December 16th, 2020, currently working at Airbus)<\/li>\n\n\n\n<li>Anuvabh Dutt (December 17th, 2019, currently applied scientist at Amazon)<\/li>\n\n\n\n<li>Lucas Albarede (March 2023, currently postdoctoral reasearcher at the IRIT, Toulouse)<\/li>\n\n\n\n<li>Gabriela Gonzalez Saez (October 2023,  currently postdoctoral reasearcher at the LIG, Grenoble)<\/li>\n\n\n\n<li>Varsha Devi (December 2023, CESI)<\/li>\n<\/ul>\n\n\n\n<h3 class=\"wp-block-heading\">Past members<\/h3>\n\n\n\n<ul class=\"wp-block-list\">\n<li><a href=\"http:\/\/mrim.imag.fr\/georges.quenot\/\" target=\"_blank\" rel=\"noreferrer noopener\">Georges Qu\u00e9not<\/a> (DR CNRS, retired in November 2024)<\/li>\n<\/ul>\n\n\n\n<h4 class=\"wp-block-heading\">PostDoctoral fellows<\/h4>\n\n\n\n<ul class=\"wp-block-list\">\n<li><a href=\"https:\/\/galuscakova.github.io\/\" target=\"_blank\" rel=\"noreferrer noopener\">Petra Galuscakova<\/a> (Currently associate professor at the University of Stavanger)<\/li>\n<\/ul>\n\n\n\n<h4 class=\"wp-block-heading\">PhD. Students<\/h4>\n\n\n\n<ul class=\"wp-block-list\">\n<li>Khalid Halba<\/li>\n\n\n\n<li>Abdellah Daissaoui<\/li>\n\n\n\n<li>Julien Peyroux<\/li>\n\n\n\n<li>Fakhri Zanjir<\/li>\n\n\n\n<li>Lucas Alabarede<\/li>\n\n\n\n<li>Maxime Raynal<\/li>\n\n\n\n<li>Gabriela Gonzales-Saez<\/li>\n\n\n\n<li>Varsha Devi<\/li>\n\n\n\n<li>Romain Xu-Darme<\/li>\n\n\n\n<li>Aniss Bentebib<\/li>\n<\/ul>\n\n\n\n<h4 class=\"wp-block-heading\">Engineer<\/h4>\n\n\n\n<ul class=\"wp-block-list\">\n<li>Nicolas Martin (Currently engineer at <a href=\"https:\/\/www.peektoria.com\/\" target=\"_blank\" rel=\"noreferrer noopener\">Peektoria<\/a>)<\/li>\n<\/ul>\n\n\n\n<h2 class=\"wp-block-heading\">Before 2019<\/h2>\n\n\n\n<h3 class=\"wp-block-heading\">Academic staff and researchers:<\/h3>\n\n\n\n<ul class=\"wp-block-list\">\n<li>Marie-Christine Fauvet, Full Professor, retired since 2018.<\/li>\n\n\n\n<li>Christophe Brouard, Associate Professor, now in the research team AMA of the LIG<\/li>\n\n\n\n<li>Marie-France Bruandet, Full Professor, retired since january 2005.<\/li>\n\n\n\n<li>Yves Chiaramella, Full Professor, retired since 2007.<\/li>\n\n\n\n<li>Jacques Courtin Full Professor, retired since October 2005.<\/li>\n\n\n\n<li>Catherine Garbay CNRS Research Director, member of the research team MAGMA of the LIG.<\/li>\n\n\n\n<li>Eric Gaussier, Full Professor, now head of the research team AMA of the LIG<\/li>\n\n\n\n<li>Anne Gu\u00e9rin-Dugu\u00e9, Full Professor, now in the Gispsa Lab.<\/li>\n<\/ul>\n\n\n\n<h3 class=\"wp-block-heading\">PhD Students:<\/h3>\n\n\n\n<ul class=\"wp-block-list\">\n<li>Karam Abdulahhad (GESIS \u2013 Leibniz-Institut f\u00fcr Sozialwissenschaften, Mannheim, Germany)<\/li>\n\n\n\n<li>Mohannad Almasri (Probayes, France)<\/li>\n\n\n\n<li>Demeke Asres Ayele (Addis Ababa University, Ethiopia)<\/li>\n\n\n\n<li>Mateusz Budnik (Post-doc IRISA Rennes)<\/li>\n\n\n\n<li>Isaac Caicedo-Castro (Cordoba University, Colombia)<\/li>\n\n\n\n<li>Nadia Derbas (Viseo, France)<\/li>\n\n\n\n<li>Abdelkader Hamadi (Universit\u00e9 Abdelhamid Ibn Badis Mostaganem, Tunisia)<\/li>\n\n\n\n<li>Olivera Kotevska (Oak Ridge Laboratory, USA)<\/li>\n\n\n\n<li>Kian Lam Tan (Universiti Pendidikan Sultan Idris, Malaysia)<\/li>\n\n\n\n<li>Pathathai Na-Lumpoon (College of Art Media and Technology, Thailand)<\/li>\n\n\n\n<li>Maxime Portaz (Qwant, France)<\/li>\n\n\n\n<li>Uyanga Sukhbaatar (Assistant Professor \u00e0 l\u2019universit\u00e9 nationale de Mongolie)<\/li>\n\n\n\n<li>Faizan Ur Rehman (India \/ Saudi Arabia)<\/li>\n\n\n\n<li>Mou Lei (Assistant Professor at Chengdu University)<\/li>\n\n\n\n<li>Ali Ait-Bachar, ing\u00e9nieur dans le secteur priv\u00e9<\/li>\n\n\n\n<li>Mohammed Belkhatir, Ma\u00eetre de Conf\u00e9rence \u00e0 l\u2019Universit\u00e9 Claude Bernard \u2013 Lyon I<\/li>\n\n\n\n<li>St\u00e9phane Bissol.<\/li>\n\n\n\n<li>Jean-Christophe Bottraud, Architecte Senior, Information Technology IBM.<\/li>\n\n\n\n<li>Mbarek Charhad<\/li>\n\n\n\n<li>Annie Culet Ma\u00eetre de Conf\u00e9rences \u00e0 l\u2019Universit\u00e9 Pierre Mend\u00e8s France (Grenoble II).<\/li>\n\n\n\n<li>Bruno Defude, Professeur,&nbsp;INT Evry.<\/li>\n\n\n\n<li>Nadia Derbas, ing\u00e9nieur dans le secteur priv\u00e9<\/li>\n\n\n\n<li>Helga Duarte Enseignant-Chercheur en Colombie.<\/li>\n\n\n\n<li>Franck Fourel Ing\u00e9nieur Hewlett Packard.<\/li>\n\n\n\n<li>Lizbeth Gallardo-Lopez Enseignant-Chercheur au Mexique.<\/li>\n\n\n\n<li>Claudia Jimenez Guarin Enseignant-Chercheur en Colombie.<\/li>\n\n\n\n<li><a href=\"http:\/\/eurise.univ-st-etienne.fr\/equipe\/?id=3&amp;ordre=1\">Mathias G\u00e9ry<\/a> Ma\u00eetre de Conf\u00e9rences \u00e0 l\u2019Universit\u00e9 de Saint-Etienne.<\/li>\n\n\n\n<li>Hatem Haddad&nbsp;Ma\u00eetre de conf\u00e9rences \u00e0&nbsp;Mevlana University (Turquie)<\/li>\n\n\n\n<li>Abdelkader Hamadi, ATER \u00e0 Metz<\/li>\n\n\n\n<li>Bao-Quoc Ho Enseignant-Chercheur au Vietnam (Ho Chi Minh Ville).<\/li>\n\n\n\n<li>Sahar Jarwah Ing\u00e9nieur aux USA.<\/li>\n\n\n\n<li>Leila Kefi, ing\u00e9nieur dans le secteur priv\u00e9.<\/li>\n\n\n\n<li>Dalila Kerkouba Ing\u00e9nieur.<\/li>\n\n\n\n<li>Amar Kheirbek Enseignant-Chercheur en Syrie.<\/li>\n\n\n\n<li>Thi-Hoang-Diem Le, ing\u00e9nieur \u00e0 Singapour<\/li>\n\n\n\n<li>Xuan-Hung Le<\/li>\n\n\n\n<li>Loic Maisonnasse, directeur R&amp;D dans le secteur priv\u00e9<\/li>\n\n\n\n<li>Jean Martinet, Ma\u00eetre de conf\u00e9rence \u00e0 l\u2019Universit\u00e9 de Lille.<\/li>\n\n\n\n<li>Mourad Mechkour Ing\u00e9nieur.<\/li>\n\n\n\n<li>An-Te Nguyen, enseignant-chercheur au Vietnam&nbsp;(Ho Chi Minh Ville).<\/li>\n\n\n\n<li>Jian-Yun Nie Full Professor \u00e0 l\u2019Universit\u00e9 de Montr\u00e9al.<\/li>\n\n\n\n<li>Iadh Ounis Enseignant-Chercheur \u00e0 l\u2019Universit\u00e9 de Glasgow.<\/li>\n\n\n\n<li>Patrick Palmer Ma\u00eetre de Conf\u00e9rences \u00e0 l\u2019Universit\u00e9 Pierre Mendes France (Grenoble II).<\/li>\n\n\n\n<li>Francois Paradis Ma\u00eetre de Conf\u00e9rences \u00e0 l\u2019Universit\u00e9 de Montr\u00e9al.<\/li>\n\n\n\n<li>Marius Pasca, ing\u00e9nieur chez Google.<\/li>\n\n\n\n<li>Trong-Ton Pham<\/li>\n\n\n\n<li>Johann Poignant, Postdoc au laboratoire LIMSI<\/li>\n\n\n\n<li>Said Radhouani<\/li>\n\n\n\n<li>Bashar Saleh<\/li>\n\n\n\n<li>Razan Taher ing\u00e9nieur.<\/li>\n\n\n\n<li>Yehia Taher<\/li>\n\n\n\n<li>Caroline Tambellini, enseignante ESPE<\/li>\n\n\n\n<li>Kian Lam Tan, enseignant-chercheur, Malaisie<\/li>\n\n\n\n<li>Slim Turki Enseignant-Chercheur \u00e0 l\u2019Universit\u00e9 de Gen\u00e8ve (Suisse).<\/li>\n\n\n\n<li>Delphine Verbyst, ing\u00e9nieur dans le secteur priv\u00e9<\/li>\n<\/ul>\n\n\n\n<h3 class=\"wp-block-heading\">Postdoctoral fellows:<\/h3>\n\n\n\n<ul class=\"wp-block-list\">\n<li>Karam Abdulahhad<\/li>\n\n\n\n<li>Nopasit Chakpitak<\/li>\n\n\n\n<li>Emilie Dumont<\/li>\n\n\n\n<li>Mend Amir Majig<\/li>\n\n\n\n<li>Qiang Pu<\/li>\n<\/ul>\n\n\n\n<h3 class=\"wp-block-heading\">Engineers:<\/h3>\n\n\n\n<ul class=\"wp-block-list\">\n<li>Mateusz Budnik<\/li>\n\n\n\n<li>Nadia Derbas<\/li>\n\n\n\n<li>Camille Persson<\/li>\n\n\n\n<li>Johann Poignant<\/li>\n\n\n\n<li>Bahjat Safadi<\/li>\n\n\n\n<li>Pascal Bouchon<\/li>\n\n\n\n<li>Fran\u00e7oise Bronero<\/li>\n\n\n\n<li>Frederik Colin<\/li>\n\n\n\n<li>Ren\u00e9 Cuzin<\/li>\n\n\n\n<li>Florence Guillemin<\/li>\n\n\n\n<li>B\u00e9n\u00e9dicte Grizolle<\/li>\n\n\n\n<li>Caroline Le Corvec<\/li>\n\n\n\n<li>Louis Laurent<\/li>\n\n\n\n<li>Franck Thollard<\/li>\n<\/ul>\n\n\n\n<h3 class=\"wp-block-heading\">Invited Researchers:<\/h3>\n\n\n\n<ul class=\"wp-block-list\">\n<li>Teerawat Kamnardsiri<\/li>\n<\/ul>\n\n\n\n<h3 class=\"wp-block-heading\">Visitors<\/h3>\n\n\n\n<ul class=\"wp-block-list\">\n<li>Gianni Amati , Visiting Senior Research Fellow, University of Glasgow, UK<\/li>\n\n\n\n<li>Pia Borlund Associate Professor, Danemark<\/li>\n\n\n\n<li>Fabio Crestani Professor, University of Strathclyde, Glasgow, UK<\/li>\n\n\n\n<li>Bruce Croft, Professor, University of Amherst, USA<\/li>\n\n\n\n<li>Scott Deerwester, Professor, University of Purdue,<\/li>\n\n\n\n<li>Marlon Dumas, Professor (U. of Tartu, Estonia and QUT, Brisbane, Australia).<\/li>\n\n\n\n<li>Koji Eguchi Assistant Professor, NII, Japon<\/li>\n\n\n\n<li>David Harper, Professor, University of Aberdeen, UK<\/li>\n\n\n\n<li>Theo Huibers , Associate professor, University of Twente, Hollande<\/li>\n\n\n\n<li>Ali Jaoua, Professor, Duba\u00ef et Tunis<\/li>\n\n\n\n<li>Mounia Lalmas, Professor, Imperial College London<\/li>\n\n\n\n<li>Chiraz Lattiri, Associate Professor, Tunis<\/li>\n\n\n\n<li>Munkew Leong, directeur de I2R \u00e0 Singapour<\/li>\n\n\n\n<li>Joo Hwee LIM, I2R Singapour<\/li>\n\n\n\n<li>Gabriella Pasi, Full PRofessor, University of Milano, Italy<\/li>\n\n\n\n<li>Mark Sanderson, Senior lecturer, University of Sheffield, UK<\/li>\n\n\n\n<li>Alan Smeaton, Professor, Dublin City University, Dublin, Irlande<\/li>\n\n\n\n<li>Jian-Yun Nie, Professor, Universit\u00e9 de Montr\u00e9al, Canada<\/li>\n\n\n\n<li>Chua Tat-Seng, Professor, Universit\u00e9 de Singapour<\/li>\n\n\n\n<li>Keith Van Rijsbergen, Professor, Universit\u00e9 de Glasgow, UK<\/li>\n\n\n\n<li>Jiankang Wu, chercheur I2R \u00e0 Singapour<\/li>\n<\/ul>\n","protected":false},"excerpt":{"rendered":"<p>Current members Academic staff and researchers: Postdoctoral fellow Industrial Collaborator PhD. Students On-going PhDs Recently defended PhDs Past members PostDoctoral fellows PhD. Students Engineer Before 2019 Academic staff and researchers: PhD Students: Postdoctoral fellows: Engineers: Invited Researchers: Visitors<\/p>\n","protected":false},"author":2,"featured_media":0,"parent":0,"menu_order":6,"comment_status":"closed","ping_status":"closed","template":"onecolumn-page.php","meta":{"footnotes":""},"class_list":["post-38","page","type-page","status-publish","hentry"],"_links":{"self":[{"href":"http:\/\/lig-mrim.imag.fr\/index.php\/wp-json\/wp\/v2\/pages\/38","targetHints":{"allow":["GET"]}}],"collection":[{"href":"http:\/\/lig-mrim.imag.fr\/index.php\/wp-json\/wp\/v2\/pages"}],"about":[{"href":"http:\/\/lig-mrim.imag.fr\/index.php\/wp-json\/wp\/v2\/types\/page"}],"author":[{"embeddable":true,"href":"http:\/\/lig-mrim.imag.fr\/index.php\/wp-json\/wp\/v2\/users\/2"}],"replies":[{"embeddable":true,"href":"http:\/\/lig-mrim.imag.fr\/index.php\/wp-json\/wp\/v2\/comments?post=38"}],"version-history":[{"count":30,"href":"http:\/\/lig-mrim.imag.fr\/index.php\/wp-json\/wp\/v2\/pages\/38\/revisions"}],"predecessor-version":[{"id":212,"href":"http:\/\/lig-mrim.imag.fr\/index.php\/wp-json\/wp\/v2\/pages\/38\/revisions\/212"}],"wp:attachment":[{"href":"http:\/\/lig-mrim.imag.fr\/index.php\/wp-json\/wp\/v2\/media?parent=38"}],"curies":[{"name":"wp","href":"https:\/\/api.w.org\/{rel}","templated":true}]}}